a composite number?
False
Let l(c) = -2*c**3 - 61*c**2 - 27*c. Let m be l(-30). Suppose -27 = 3*y - 9. Is m/2*(-3 + y) - -2 a composite number?
True
Let k(y) be the second derivative of 2*y**4 + 4*y**3/3 + 21*y**2/2 + 265*y. Let u = -9 - -5. Is k(u) a prime number?
True
Let f(s) be the first derivative of 5*s**3/3 + 3*s**2 - 5*s - 11. Is f(-8) a composite number?
True
Let z(u) = -603*u - 1876. Is z(-33) a prime number?
False
Let p(w) = 226*w**2 - 66*w - 1203. Is p(-14) a composite number?
False
Let p(c) = 169*c + 13. Let q be p(6). Let d = -38 - -41. Suppose -2*r + q = -5*b - 0*b, 3*r - d*b - 1554 = 0. Is r a prime number?
True
Suppose 63*g - 151*g + 93049 = -77*g. Is g a composite number?
True
Suppose 37*b - 50 + 13 = 0. Is (-5314550)/(-900) + b/(-18) a composite number?
True
Suppose -25*v + 190 = -15*v. Suppose -v*a - 24788 = -23*a. Is a a prime number?
True
Let v be 3/(-2)*(898728/(-828) + (-2)/(-23)). Let s(x) = -39*x**3 - x**2 - 3. Let k be s(-3). Let i = v - k. Is i composite?
False
Suppose -2*z - 9788 = -4*j, 3 = -2*z - 1. Let i = 4203 - j. Is i composite?
True
Let t(l) = -150*l**2 + 4252*l + 23. Is t(20) a prime number?
False
Is (-11)/(33/(-12981))*1 a composite number?
False
Is (-5 + -13 - -8) + 21399 prime?
False
Suppose -72*y + 2*t = -71*y - 550731, -y + 4*t + 550729 = 0. Is y a composite number?
False
Let f = -721 - -718. Let w(j) = 442*j**2 + 5*j - 5. Is w(f) composite?
True
Let z = 836737 + -480188. Is z prime?
True
Suppose -10*f + 6704 = -12516. Let r = f - 789. Is r composite?
True
Suppose l = 5*n - 146815, n - 8*l + 6*l - 29363 = 0. Is n prime?
True
Let w(i) = -i**3 - 7*i**2 + 3*i + 16. Let n be w(-7). Let r = n + 278. Suppose 4*h + r = 5*o + 2*h, 5*h - 245 = -5*o. Is o composite?
False
Let l = -3 - -2. Suppose 0 = 12*r + 3980 + 6364. Is (2/l)/(1 + 866/r) prime?
True
Let x = -83667 + 156944. Is x prime?
True
Let w = 52742 + 10479. Is w prime?
False
Let z be 12086/12 - 75/(-90). Let i = z - 701. Is i a prime number?
True
Suppose 2*t + 2*j = 6, 0 = t - 2*t - 4*j. Suppose 0 = t*c - 2*b + 2661 - 44783, c = b + 10529. Suppose 27*z - 23*z = c. Is z a prime number?
True
Suppose -8*c - 16*c - 24*c = -129329232. Is c a prime number?
True
Let p = 21 - 14. Suppose -7*a - 22 = -3*a - 5*q, 2*q = -a - 12. Is (p + a)*(-191 - 0) composite?
False
Let r(t) = 53*t**2 + 60*t - 20. Is r(-51) a prime number?
False
Let v = 606 + -2576. Let g be 34/119 + v/(-14). Suppose 0 = -2*f - f + g. Is f composite?
False
Let g(h) = 7*h**3 - 5*h + 1. Let w be g(5). Let n = w + -11. Let f = n - -347. Is f a prime number?
True
Suppose 42*c - 114*c = 41*c - 2770421. Is c a composite number?
False
Suppose 5*y = 8*y - 5*j - 388094, -y + 3*j + 129358 = 0. Is y a composite number?
True
Let i(v) = 301*v - 31. Let d be i(16). Suppose -d = -9*t + 15132. Is t a composite number?
False
Let u(x) be the first derivative of -58*x**3 - 7*x**2/2 + 2*x - 10. Let m be u(-8). Is 3/((-63)/6) + m/(-14) composite?
True
Is (152408/(-36))/((-16)/72) prime?
True
Suppose -9*n = -6*n + 2*c - 38791, -2*n = 4*c - 25866. Suppose n = 28*d - 21*d. Is d a composite number?
False
Suppose -4*l - u + 40 = 0, 0 = 2*l + 2*l - u - 32. Suppose -7 - l = -4*o. Suppose -2*r + 5*r - o*n - 15149 = 0, 4*r = 3*n + 20201. Is r a prime number?
True
Let q be (-17862)/(-42) + 6/(-21). Let z = q - 2600. Let w = z + 4484. Is w prime?
True
Let j(b) be the second derivative of b**3/6 + 3*b**2/2 - 15*b. Let o be j(-2). Is (3 + -20)*118/(-1 - o) prime?
False
Let w = 139900 + -76257. Is w prime?
False
Let i(s) = -74*s**3 + 3*s**2 + 3*s + 52. Let m be i(-5). Let t = m - 3361. Is t composite?
True
Suppose -5*g - 714418 = -3*d, -323*d - 5*g - 476277 = -325*d. Is d prime?
True
Let z(a) = -3*a**3 - 17*a**2 + 17*a + 1034. Is z(-23) a composite number?
False
Let p be (-4000045)/(-45) + 1/9. Is (0 - (-10)/15)/(20/p) a composite number?
False
Is (-1)/(-3)*-1276046*285/(-190) a prime number?
True
Suppose -4*r + 9*r = o + 1557887, 3*r = 2*o + 934735. Suppose -r = -28*b + 41307. Is b composite?
True
Suppose 3*k + b = 14981, 4*k + 2*b - 19988 = 4*b. Let l = -2818 + k. Suppose 2*r - l = -2*a + 1491, -r = -3*a - 1854. Is r a composite number?
True
Suppose -4*w + v + 1819 = -9150, 2*v + 5480 = 2*w. Let z = w - 5295. Let y = -1809 - z. Is y a prime number?
True
Let p be (-23449)/(-7) - (-39)/273. Suppose 0 = 5*w + z - p, -4*w = -5*z + 6*z - 2681. Is w composite?
True
Let z(x) = -216*x - 743. Is z(-7) a prime number?
True
Let z = -16 - -20. Let y be ((-10)/25)/(z/(-80)). Suppose -m + j + 393 = 0, -8 = 4*j - y*j. Is m composite?
True
Suppose 35*g - 46*g = 11803. Let v = 776 - 1400. Let z = v - g. Is z a composite number?
False
Let u = 1024 + -20346. Let q = u + 33324. Suppose 8*b = 9030 + q. Is b a prime number?
True
Is (-57)/38*506524/(-6) a composite number?
False
Suppose -2*b - 2*o + o = -3439, 3*o + 9 = 0. Is b a composite number?
False
Let o = 849242 - 151993. Is o a composite number?
True
Let b(l) = 13699*l**2 + 606*l - 1211. Is b(2) composite?
True
Let v(f) = -1615*f + 13. Let y be v(3). Let x = 7581 + y. Is x a prime number?
True
Suppose -2 = -i + 5*c - 9*c, -4*c = 2*i + 4. Let t be 20/i*(-15)/(-50)*4. Is (4 - (-20)/t)*-977 a composite number?
False
Suppose -21*q + 6*q + 261915 = 0. Is q prime?
False
Let g(d) be the first derivative of -83*d**2 - 9. Let l be g(5). Let n = 1729 + l. Is n a composite number?
True
Let u be ((-19)/(-4))/(5/40). Let s = u + -39. Let y(q) = -272*q - 3. Is y(s) a prime number?
True
Suppose -4*v = 3*n - 744274 + 48387, -26*n + 6030981 = -5*v. Is n a composite number?
False
Let f be (21/15 + 1)/((-3)/(-10)). Let r(d) = 362*d**2 + 2*d - 7. Let m be r(-4). Suppose 601 - m = -f*y. Is y prime?
True
Suppose 0 = -5*n + 20, -34189 = -3*o + n + 4732. Suppose -o = -8*w - 2983. Is w prime?
True
Is 3 + (-15200664)/(-42) - ((-184)/(-28) + -6) prime?
False
Let x(y) = 12*y. Let m be x(4). Let k = 51 - m. Suppose 967 = t + 4*t - k*d, -5*d + 744 = 4*t. Is t composite?
False
Suppose 3*o = 5*f - 7, 4*f = 2*o - 1 + 7. Suppose -16999 = -f*j + 45483. Is j a prime number?
False
Suppose 2*t + 179 + 47 = 3*g, -4*g = 5*t - 286. Let l be 1*g/(-26) + (-4)/26. Is (1255*-1)/(l*(-1)/(-3)) composite?
True
Suppose -2*n + 11972 = -0*b + 3*b, 19954 = 5*b + 3*n. Let s = -520 + 524. Suppose -b = -s*y - 4*y. Is y a prime number?
True
Suppose 0 = 2*v + 3*a - 13549, 437*v - 441*v + 27122 = -2*a. Is v prime?
True
Let q(m) = 57*m - 24. Let i be q(10). Let f = i + -276. Let y = -173 + f. Is y prime?
True
Let v = 6129 - 2819. Let k = -1890 - v. Is 0 + 3 + k/(-3 - 2) a composite number?
True
Is -1*(-10)/(-65) - (-7566525)/117 a composite number?
True
Suppose 18 = -y + 176. Suppose -5*d + 165 + 315 = 0. Let t = d + y. Is t composite?
True
Let r(o) = 626*o - 28. Let l be r(-17). Let x = -5091 - l. Is x a prime number?
False
Let t(a) = 23516*a**2 + 194*a + 393. Is t(-2) composite?
True
Let r(a) = -75*a - 239. Let l(y) = -74*y - 235. Let k(j) = 4*l(j) - 3*r(j). Is k(-36) composite?
False
Let u = 43 - 23. Suppose -7*m = -u - 1. Suppose -m*h + 588 = -555. Is h a prime number?
False
Suppose -v + 1 = 0, 0*v - v - 7 = -2*d. Is ((-17)/(-51) - (-2848)/6) + d composite?
False
Let d = 1803325 + -913772. Is d a prime number?
False
Let t(g) = -1 - 3*g**2 + 14*g - 2*g**3 - 27*g + 3*g**3 + 32. Let q be t(13). Suppose 7*a - 226 = q. Is a composite?
True
Let s = -29580 + 94439. Is s composite?
True
Let l be 9/(((-2)/1)/2). Let v be 170530/(-90) + 2/l. Let u = 2680 + v. Is u prime?
False
Let f be 3/(18/1806) - -1*5. Suppose 0 = -3*p + n - 501, 7*p - 4*p - 2*n + 501 = 0. Let a = f - p. Is a a prime number?
False
Let k = -120961 - -364964. Is k prime?
True
Let o be (4/(-12) + -7)*(-485 - -8). Let k(v) = v**3 + 7*v**2 - 2*v - 7. Let c be k(-7). Suppose o = -n + c*n. Is n a composite number?
True
Let h(i) be the third derivative of -77*i**4/4 + 97*i**3/6 + 146*i**2. Is h(-8) composite?
False
Suppose 0 = -7*q + 238553 + 82166. Is q prime?
True
Let u be (-897522)/(-152)*1*4. Suppose -434*z = -431*z - u. Is z composite?
False
Let m = 113386 - 66015. Is m a prime number?
False
Is 1 + (-5 - ((-8)/1 - -6 - 200515)) a composite number?
False
Is (4/12 - 996040/(-60)) + 8 composite?
True
Suppose 24*l - 34*l + 360 = 0. Suppose 31*k = l*k - 133795. Is k prime?
True
Suppose 48604